at is the units digit of q(f)?
5
Suppose 41 + 7 = t. What is the tens digit of t?
4
Suppose j - 2*w = -8, 0 = -j - 3*w + 3 + 14. Suppose -9 = -r + j. What is the tens digit of r?
1
Let p = -2 - 6. What is the units digit of p/(-2)*(-1 + 2)?
4
Let i(r) = -r**3 + 8*r**2 + 20*r - 12. What is the units digit of i(9)?
7
Let p(o) = o**3 + 4*o**2 - 3*o - 5. Let d = 11 - 15. Let b be p(d). Let l = b + -5. What is the units digit of l?
2
Let q = -5 - -13. What is the units digit of q?
8
What is the tens digit of (10 + -8)/(2/62)?
6
Let s(u) be the second derivative of u**4/6 - u**3/2 + u**2 - 3*u. What is the tens digit of s(3)?
1
Suppose -3*v + 0*v + 22 = a, -2*a = 2*v - 20. Suppose -2*h = 5*u - 3, u = 5*h + 3*u - 18. Let f = v - h. What is the units digit of f?
2
What is the units digit of 18*-2*2/(-4)?
8
Let t(v) = -v. Let r(u) = u**3 - 8*u**2 - 3*u + 2. Let a(w) = r(w) - 4*t(w). Suppose -2*l + 4 = -4*m, 2*l + 2 - 9 = 3*m. What is the tens digit of a(l)?
1
Let w be (2/4)/((-3)/48). Let l = w - -11. Suppose -6 = -l*i + 15. What is the units digit of i?
7
Suppose -4*t + 59 = 5*d, -2*t + 1 = -1. What is the units digit of d?
1
Let q(c) = 4*c - 13. What is the units digit of q(7)?
5
Let l(q) = -q**3 - 9*q**2 - 12*q + 9. What is the hundreds digit of l(-9)?
1
Suppose -230 = -4*r - l + 318, 4*r - 552 = -2*l. What is the tens digit of r?
3
Suppose -107 + 32 = -5*g. Let y = g - 0. What is the units digit of y?
5
Suppose -20 = -5*y + 4*v + v, 5*y + 4*v = 2. What is the tens digit of 3 - 39/(-1 - y)?
1
Let r be (245/(-14))/((-2)/4). Suppose t = -4*t + r. What is the units digit of t?
7
Let q(d) = -d + 7. Let a be q(0). Let t = 20 - a. Suppose -3*p + t = 1. What is the units digit of p?
4
Let q(x) = 5*x**2 - 4*x + 4. Let l(y) = 5*y**2 - 3*y + 3. Let m(i) = 5*l(i) - 4*q(i). What is the units digit of m(1)?
5
Let d be (-1)/(-2) - (-11)/2. Let r(j) = j**3 + 7*j**2 - 4*j - 7. Let q be r(-7). Suppose d*g = 3*g + q. What is the units digit of g?
7
Let z be -3 - ((-1)/1 + 2). Let s be 22/3 + z/(-6). Let f(u) = u**3 - 8*u**2 + u - 6. What is the units digit of f(s)?
2
Let v be 10/(-4) + 3/(-6). What is the tens digit of (20/(-3))/(2/v)?
1
Suppose 4 = -2*k + 14. Let o(d) = 2*d**2 - 4*d + 2. What is the tens digit of o(k)?
3
Let o(h) = -h**2 - 7*h - 6. Let x be o(-6). Suppose x = c + 1 - 11. What is the units digit of c?
0
Let v = -19 - -23. Let r = v + 4. What is the units digit of r?
8
Let d(a) = -5*a - 11. Let r(z) = -6*z - 12. Let j(m) = -7*d(m) + 6*r(m). Let o = 7 + -12. What is the tens digit of j(o)?
1
Let l = 3 + 1. Let g = l + -2. Let q = 0 + g. What is the units digit of q?
2
Suppose 2*c + 22 = 4*c. Let a = -6 + c. Let x = 0 + a. What is the units digit of x?
5
What is the units digit of (-24)/(-108) + -1 + 952/9?
5
Suppose 9*k + 8 = 11*k. What is the units digit of 2/(-4) - (-22)/k?
5
Let z = 105 - 75. What is the tens digit of z?
3
What is the units digit of (-6)/(-15) - (-3 + 952/(-20))?
1
Let j(q) = 2 + 1 + 2*q - 1 - 6 + q**2. What is the units digit of j(-4)?
4
Suppose -4*b - 4*p = -8, -b + 0 = 5*p + 2. Suppose -o + b*o + 14 = d, 5*o = 4*d - 41. What is the units digit of d?
4
Suppose 0 = b - 4*b. Let n be b*1/((-9)/(-3)). Suppose -5*g + 3*w + 27 = n, -3*g + 35 = 2*g - 5*w. What is the units digit of g?
3
Let f(t) = t**2 + 8*t + 9. What is the units digit of f(-7)?
2
Let r(k) = 2*k - 6. Let u(n) = -n + 1. Let b be u(-6). What is the units digit of r(b)?
8
Suppose h - 28 = -0*h. What is the tens digit of h?
2
Let n(o) = 2*o**2 - 3*o + 1. Suppose -2*i - 3*i = 20. Let j(g) = -2*g**2 + 3*g - 1. Let a(d) = i*j(d) - 3*n(d). What is the tens digit of a(3)?
1
Suppose -1172 = -4*l + 4*s, 2*l + s - 571 = -0*l. What is the units digit of l?
8
Suppose -5*p + 181 = -374. What is the tens digit of p?
1
Let y = -3 + 13. What is the units digit of (1 - (1 - 2))*y?
0
Let q(j) = -j + 4. Let w be q(4). Suppose w = 2*t - 0 - 4. What is the units digit of t?
2
Let l(h) = -2*h + 2. Let y be l(2). What is the units digit of 16/20*(-25)/y?
0
Suppose g + 3 - 57 = 0. What is the units digit of g?
4
Suppose 4*a - 3*k = -8*k + 1, 5*a = -2*k + 14. Suppose o = 2*c + 17, -a*o + 26 - 10 = 5*c. What is the units digit of o?
9
Suppose -2*a + 6*a = -236. Let h = a - -85. What is the tens digit of h?
2
Suppose z - 111 = -2*x - 3*x, -2*z + 2 = 0. What is the units digit of x?
2
Let l(q) = 42*q - 17. What is the units digit of l(6)?
5
Let n be -1*4*(2 - 3). Suppose 0 = 5*v - 2*z - 128, -2*v - 48 = -n*v + 4*z. What is the tens digit of v?
2
Let f(o) = o**3 + o**2 - o. Let l(v) = 3*v**3 + 2*v**2 - 2*v - 1. Let h(z) = -7*f(z) + 2*l(z). Let m be h(-4). What is the units digit of 1/m + 115/10?
2
What is the units digit of (-30)/25*(-5 - 0)?
6
Suppose -3*v = -0*t - 4*t - 328, -5*v + 5*t = -545. What is the units digit of v?
8
Suppose -13*m + 78 = -16*m. What is the units digit of m/(-3)*(-12)/(-8)?
3
Suppose -17 + 125 = 4*r + 4*h, 0 = -5*r - 2*h + 129. What is the units digit of r?
5
Let v(t) = 2*t**2 - 10 - 10*t + t + 0*t**2. What is the tens digit of v(7)?
2
Let u be 7/21*(-1 + -8). What is the tens digit of -8*((0 - 1) + u)?
3
Let o(k) = 2*k - 1. Let u = 17 + -12. Suppose 2*f = 4*f + 3*n - 24, -u*n = f - 26. What is the units digit of o(f)?
1
Let g = 5 - 5. What is the units digit of 3 - 0/(g - 1)?
3
Let v(l) = l**3 - 2*l**2 - 2*l. Let o be v(3). Suppose r + o*r - 16 = 0. Suppose -12 - 4 = -u - z, 0 = 5*u - r*z - 53. What is the units digit of u?
3
Let m be (-3 - 9)/2 - 3. What is the units digit of 2 + 2/(-2)*m?
1
Let i(n) = n**3 + 2*n**2 - 2*n - 1. Let t be i(3). Suppose 2*y + 6 - t = 0. What is the tens digit of y?
1
Let g(o) = -o**2 + 3*o - 3. Let b be g(-4). Let s = b - -43. Suppose 0 = -2*l - s + 36. What is the tens digit of l?
1
Suppose -v - 15 = -4*v. Let k(p) = p**2 + p - 3. What is the tens digit of k(v)?
2
Let h(z) = z + 2. Let m be h(3). Suppose 3*d - 39 = m*k + 31, -5*k + 5 = 2*d. What is the tens digit of d?
1
Suppose -6 = -3*v - 0*v. Suppose 36 = v*j - 6*j. Let x = j + 18. What is the units digit of x?
9
What is the tens digit of (-1 + 15)*(-50)/(-35)?
2
Suppose 0*j = 3*j - 12. Let f be (-5)/((-38)/18 + 2). Suppose f = j*k + 13. What is the units digit of k?
8
Let o(r) = r**2 + 6*r. Let b be o(-8). Let t = b + 10. What is the units digit of t?
6
Let b(r) = 3*r**2 - 2*r - 1. Let n be b(-1). Suppose -n*s - 26 = -2*q, 0 = q - 3*s - 21 + 3. What is the units digit of q?
3
Let i = -3 - -2. Let m(p) = 3*p**2 - 1. What is the units digit of m(i)?
2
Let j(t) = -t**2 + 4*t - 7. Let z be j(5). Let i = -8 - z. Suppose -n + i = -0. What is the units digit of n?
4
Let t = 5 - -37. What is the tens digit of t?
4
Suppose 6 = 4*i - 3*g - 2, g - 4 = 0. Suppose 0 = i*y - 0*y. Suppose c - 9 = -y*c. What is the units digit of c?
9
Suppose 8*r - 5*r = u + 1804, 4*u = -r + 623. Let h be 1/(-4) - r/(-12). Suppose -h + 14 = -3*w + 5*g, -5*g = 2*w - 24. What is the units digit of w?
2
Suppose 23 = 2*s + 5*w, 0 = 4*s - s + 4*w - 24. Let a(t) = s*t**2 - 4*t**2 + 1 + t**2. What is the units digit of a(0)?
1
Suppose 3*d - 153 = 6*d. What is the tens digit of 3/(-18)*2*d?
1
Let h(n) be the first derivative of 5*n**2/2 - 2*n - 2. What is the units digit of h(2)?
8
Let a(v) = -v + 1. Let h be a(-3). Suppose -h*i = -0 + 8, 0 = -5*q + 2*i + 19. What is the units digit of q?
3
Suppose -3*a + 468 = -159. What is the units digit of a?
9
Suppose 2*n - 51 = i + 2*i, 3*i = 15. What is the tens digit of n?
3
Suppose 0 = -4*g - 7*b + 2*b + 13, 2*b - 8 = -3*g. Let v be g/(-12) + (-75)/(-18). Suppose -v*w + 34 + 6 = 0. What is the units digit of w?
0
Suppose 2*j - 1 = 7. Suppose 2 = b - 4*t + 5*t, -j*t + 9 = 5*b. Suppose -3*y = b - 16. What is the units digit of y?
5
Suppose 0 = 5*p + 9 - 49. Let v(a) = -a**3 + 9*a**2 - 7*a - 7. What is the units digit of v(p)?
1
Suppose 2*r + 5*l - 27 + 8 = 0, -3*l = -r - 7. Suppose -3*p + r*p = -1. What is the units digit of p?
1
Suppose 0 = 2*j - 8, 0*b - 8 = -3*b - 5*j. Let h(n) = -n**2 + 2*n - 6. Let l(x) = x**2 - x + 6. Let r(c) = b*h(c) - 3*l(c). What is the units digit of r(5)?
6
Let r(m) = -15 + m**3 + 20*m + 5 - 8*m**2 - 25*m. What is the tens digit of r(9)?
2
Let f(t) = -t - 8. Let c be f(-8). Suppose c = 2*n - 4*n + 18. What is the units digit of n?
9
Let v(i) = -i**2 + i 